hat are the prime factors of l?
11, 17
Suppose -136 = -9*d + 13*d. Let r = 117 - d. List the prime factors of r.
151
Let j(z) = 54*z**2 - 29*z - 122. List the prime factors of j(-6).
2, 499
Suppose 5*u + 8 = -2*t + 2, 3*u = -5*t - 15. Suppose u*r = 5*b + r - 1143, 2 = -r. List the prime factors of b.
229
Let v(u) = -48*u - 2. Let s be v(-11). Suppose 5*r = -2*p + 379, -s = -5*r - p - 144. What are the prime factors of r?
7, 11
Let y be (-20)/(-30) + (-10)/(-3). Suppose 2*x = 3*k + 8, 5*k = -y*x - 0*k + 60. Suppose o + 3*s - 15 = x, -4*o = -s - 74. List the prime factors of o.
19
Suppose -5*x + 65 = -2*h + 5*h, 3*x - 58 = 2*h. Suppose 27 = -2*t - 4*r + 3, 2*r + x = -3*t. What are the prime factors of 24/20*(-75)/t?
3, 5
Suppose -x - 4*h + 1109 = 203, -3*x - 3*h + 2700 = 0. What are the prime factors of x?
2, 449
Suppose -2*n = 3*l + l - 8, 0 = -n + 4*l - 2. Suppose u + 28 = 2*g, 24 = g - u - n*u. What are the prime factors of 23/(-2*(-3)/g)?
2, 23
Suppose 4*q = 4 + 8. Suppose -5*f - 4 = y - 17, -q = 3*y + f. Let a = 15 + y. List the prime factors of a.
13
Suppose -4*g + o - 32 = g, 4*g + 3*o + 18 = 0. List the prime factors of g/(-15) - 316/(-10).
2
Let v be (11 + -10)*-2*5. Let o = v - -14. List the prime factors of o.
2
Let w(v) = -v**3 - v**2 + 3*v - 4. Let f be (-9)/(-2) + 4/(-8). Suppose -2*q - 12 = -3*t + 6*t, 0 = -3*q - f*t - 17. What are the prime factors of w(q)?
5
Suppose 5*h + 0*h + 4*u - 210 = 0, 0 = -2*h - 2*u + 86. What are the prime factors of h?
2, 19
Suppose a + 4*y = 4*a + 97, -5*a + 5*y = 165. Let h = 122 + a. What are the prime factors of h?
3, 29
Let s = 1055 + -615. What are the prime factors of s?
2, 5, 11
Let m(n) = -n**3 - 3*n + 5. Let i be ((-9)/(-2))/((-18)/(-60)). Suppose -3*q = 3*u + i, 2*q = -5*u - 7 - 9. List the prime factors of m(q).
41
Suppose 2*r + 1 = 3*n, -2*r - 4*n + 24 = r. Suppose -o + 4*k - 45 = -122, 5*k = r*o - 352. What are the prime factors of o?
3, 31
Let i be (-6)/21 - (-23)/7. Let z be 1*4/12*i. Let v(p) = 8*p**2. List the prime factors of v(z).
2
Suppose -5*g + 158 = -142. Let z = 85 - g. List the prime factors of z.
5
Let v be 813/1*(-8)/(-24). Suppose 0 = -5*w - 31 + v. What are the prime factors of w?
2, 3
Let m(y) = 61*y - 373. List the prime factors of m(29).
2, 349
Suppose 50*h = 28075 + 93125. List the prime factors of h.
2, 3, 101
Let b = 6 - 10. Let d be (-22)/b*(-1 - -3). Suppose 3*o = d + 52. List the prime factors of o.
3, 7
Let t = -26 + 32. Suppose 0 = -t*c + 2*c + 52. What are the prime factors of c?
13
Suppose 15*a + 1119 = 7974. What are the prime factors of a?
457
Suppose -b = -5*h + 3*b + 35, -4 = -3*h - b. What are the prime factors of (h - (-142)/(-6))*-3?
2, 31
Let a(x) = -31*x - 42. Let z be a(-12). What are the prime factors of (4 + 2)/(12/z)?
3, 5, 11
List the prime factors of -10 + 15 + -9 + 1 + 3792.
3, 421
Suppose 0 = 17*s - 6*s - 220. Let w be (-1)/4 - 234/(-8). Let r = w - s. List the prime factors of r.
3
Let o(c) = c**2 + 24*c + 6. Let r be o(-24). List the prime factors of (9/r)/((-15)/(-230)).
23
Suppose 11*p = 17*p - 6. What are the prime factors of (((-1)/(-2))/((-3)/(-1362)))/p?
227
Let c = 3630 - 604. What are the prime factors of c?
2, 17, 89
Let y = -30 + 20. Let w be (-24)/60 + (-4)/y. Suppose w*z + 135 = 5*z. What are the prime factors of z?
3
Suppose -2*u + 5*h = 3*u - 360, -3*u + 4*h + 214 = 0. What are the prime factors of u?
2, 37
Suppose 4*o = -3*f - 2202 + 10998, -6597 = -3*o - 5*f. List the prime factors of o.
3, 733
Suppose 0 = -20*t + 35*t - 6825. List the prime factors of t.
5, 7, 13
Suppose -2*k - 3824 = -4*t, 1920 = 2*t + 3*k - 0*k. List the prime factors of t.
3, 11, 29
Let p(c) = -29*c - 2. Let g be p(1). Let l = g + 57. List the prime factors of l.
2, 13
Let q(c) = -4*c - 10. Let i(r) = -r**2 - 4*r - 2. Suppose 0 = -5*p + u - 23, p + 4*u - 7 + 20 = 0. Let f be i(p). List the prime factors of q(f).
2, 3
Let x(l) = 4221*l**2 + 27*l - 2. List the prime factors of x(-1).
2, 131
Let a be (-3 - 51/(-12))*-532. Let q = -465 - a. What are the prime factors of q?
2, 5
Let d(l) = -l**3 + 12*l**2 - 20*l + 7. Let b be d(9). Suppose -98 = -12*k + b. List the prime factors of k.
2, 7
Let p be 0*(-1)/3*-3. Suppose -3*x + 17 + 25 = p. Suppose -2*s = -4*r - x, 5*s + r - 29 = 39. What are the prime factors of s?
13
Suppose -m = 3*c - 2643, 4*m - 2*c = 11306 - 678. What are the prime factors of m?
3, 5, 59
Suppose c = -c + 98. What are the prime factors of (10/(-6))/((c/(-525))/7)?
5
Suppose 3*l - 5*z - 876 = 1069, -z = -5*l + 3249. List the prime factors of l.
2, 5, 13
Suppose 0 = 6*y - 11*y - 40. Let k(q) = -11*q - 16. List the prime factors of k(y).
2, 3
Let b(l) = -l**2 - l + 1. Let u(d) = 3*d**2 + 4*d + 8. Let s(h) = -4*b(h) - u(h). What are the prime factors of s(6)?
2, 3
Let j(n) = n**2 - 14*n + 15. Let s be j(13). What are the prime factors of 830/20 - s/(-4)?
2, 3, 7
Let f be 13 - 4/8*-2. What are the prime factors of (69/21 - 3) + 1466/f?
3, 5, 7
Let m(b) = b - 3. Let t be m(1). What are the prime factors of 4 + t + 695/(6 - 1)?
3, 47
Suppose 13*j = 17*j - 8. List the prime factors of 2*1 + j/((-12)/(-246)).
43
Suppose -13 = 3*b - 31. Let c = b - 6. List the prime factors of (92/(-1))/(-4) - c.
23
Let i(j) = 9*j - 31. Let x(c) = 27*c**3 - 2*c**2 + 2. Let w be x(1). What are the prime factors of i(w)?
2, 53
Let c = 14 + -22. Let f = c - -2. What are the prime factors of 8/3*(f - -24)?
2, 3
Suppose -2*f = -118 - 0. Let o = f - 185. Let v = 176 + o. List the prime factors of v.
2, 5
Suppose -3*y - 5*c + 1025 = 0, c + 512 = 2*y - 167. Suppose -2*k = 3*k + 5*x - y, -3*x - 198 = -3*k. List the prime factors of k.
67
Let x = -452 + 879. Let b = x + -220. List the prime factors of b.
3, 23
Suppose -37 = -2*g + 75. Suppose 5 = 5*s, -a = -2*s + 4*s - g. List the prime factors of a.
2, 3
Let q = 1149 + 100. What are the prime factors of q?
1249
Let o = 59 - 35. Suppose -2*h - 2 = -4*m + 2, o = -4*m - 5*h. List the prime factors of 4*(-18)/(-8) - m.
2, 5
Suppose -3*d + 2555 = -4*p, -3*p + 135 = -5*d + 4408. List the prime factors of d.
857
Let s(q) = q**2 - q - 6. Suppose -3*c = c - 16. Suppose c*z - 5*n = -1, -10 = -2*n - 0*n. What are the prime factors of s(z)?
2, 3
Let m(n) = n**3 + 10*n**2 - 12*n. Let o be 13 + -11 + (-24)/2. List the prime factors of m(o).
2, 3, 5
Let x be (-232)/12 + (-4)/(-48)*4. Let u(o) = 7*o + 1. Let f be u(4). Let i = f + x. What are the prime factors of i?
2, 5
Suppose -6*h + 50 = -4*h. Let m = -23 + h. List the prime factors of m/(-3)*(-107 + -4).
2, 37
Let h(g) = -15*g + 12. Let z be h(3). Let l = 38 + z. Suppose 0 = 4*b - l*b + 55. What are the prime factors of b?
5, 11
Let u(j) = 4*j**2 + 14*j - 1. Let z be u(-4). Suppose 3*l - 12 = 4*m, 7*m - 2*m = l + z. What are the prime factors of l?
2
Suppose 19*a - 1251 = 10*a. List the prime factors of a.
139
Let f = 3056 - 863. List the prime factors of f.
3, 17, 43
Let t(w) = -4*w - 25. Let a(y) = y + 8. Let z(r) = -7*a(r) - 2*t(r). Let m be z(9). What are the prime factors of 49 + (-1 - (3 - m))?
2, 3
Suppose 0 = 10*g + 32 - 2. What are the prime factors of g/(-6) + (-194)/(-4)?
7
Let z(m) = m**3 + 2*m**2 + m + 1. Let p be z(2). Suppose 2*f = 4*y + p - 229, 3*f - 9 = 0. List the prime factors of y.
2, 3
Let a(k) = 16*k - 2. Let c(z) = 3*z**2 + 1. Let g be c(-1). Suppose g*o - 2*y + 4 = 0, 3*o = -4*y + y + 15. List the prime factors of a(o).
2, 7
What are the prime factors of 16/(-136) - (-11583)/51?
227
Let a = 366 - 207. Let m = -4 + 9. Suppose -3*l = -3*d - a, -4*l + 151 = -l + m*d. What are the prime factors of l?
2, 13
Let x = -146 - -333. List the prime factors of x.
11, 17
Suppose -15430 = -17*d + 17618. List the prime factors of d.
2, 3
Suppose 4*p + 2*p = 30. Suppose -3*x = -p*x + 242. List the prime factors of x.
11
Suppose -4*i + 0*i + f - 1 = 0, 5*i - 5*f = -5. Suppose 9*v = -i*v + 1602. What are the prime factors of v?
2, 89
Let o = 0 + 3. Suppose -12 + 48 = 9*j. Suppose -u + 5*s - 129 = -o*u, 5*u + j*s = 331. What are the prime factors of u?
67
Suppose 2*k = 7*k. Suppose -b + 2*s = -k*s - 1, 2*b = -2*s + 8. Suppose 2*l - 43 = b*p, -7*l + 5*p + 83 = -3*l. List the prime factors of l.
17
Suppose -7*a = -4*a + 3. Let i(k) = 40*k**3 + 2*k**2 + k. Let z be i(a). What are 